{"id":1180,"date":"2022-04-27T14:20:32","date_gmt":"2022-04-27T14:20:32","guid":{"rendered":"https:\/\/jettescamino.dk\/?page_id=1180"},"modified":"2024-02-25T12:21:23","modified_gmt":"2024-02-25T12:21:23","slug":"21-juni-grandes-de-salime-a-fonsagrada-25-km-h-1-100km","status":"publish","type":"page","link":"https:\/\/jettescamino.dk\/?page_id=1180","title":{"rendered":"21. juni Grandes de Salime \u2013 A Fonsagrada\u00a0 25 km\u00a0 h 1.100km"},"content":{"rendered":"\n<p>N\u00e6ste morgen er vi ude af vagten kl. 6.00 og g\u00e5r i samlet flok i m\u00f8rket.<\/p>\n\n\n\n<figure class=\"wp-block-image size-large\"><img loading=\"lazy\" decoding=\"async\" width=\"1024\" height=\"768\" src=\"https:\/\/jettescamino.dk\/wp-content\/uploads\/2022\/05\/IMG_6855-1024x768.jpg\" alt=\"\" class=\"wp-image-2887\"\/><figcaption class=\"wp-element-caption\"><em>Det var h\u00e5rdt for os alle at komme s\u00e5 tidligt op<\/em><\/figcaption><\/figure>\n\n\n\n<p>Ankommer til Castro, men der er ingen morgenmad her. Den n\u00e6ste bar er i El Acebo, 15 km fra Grandes de Salime. N\u00e5, men det er der jo ikke noget at g\u00f8re ved. Jesus og Augustin sakker l\u00e6ngere og l\u00e6ngere bagud. Til geng\u00e6ld har Juan og Mauel s\u00e5 meget fart p\u00e5, s\u00e5 jeg ikke kan f\u00f8lge med dem. Men inden El Acebo skal vi forcere fra 600 til 1050 m\u2019s h\u00f8jde, uden at have indtaget morgenmad.<\/p>\n\n\n\n<figure class=\"wp-block-gallery has-nested-images columns-default is-cropped wp-block-gallery-1 is-layout-flex wp-block-gallery-is-layout-flex\">\n<figure class=\"wp-block-image size-large\"><img decoding=\"async\" data-id=\"2889\" src=\"https:\/\/jettescamino.dk\/wp-content\/uploads\/2022\/05\/IMG_6864.jpg\" alt=\"\" class=\"wp-image-2889\"\/><\/figure>\n\n\n\n<figure class=\"wp-block-image size-large\"><img decoding=\"async\" data-id=\"2890\" src=\"https:\/\/jettescamino.dk\/wp-content\/uploads\/2022\/05\/IMG_6876.jpg\" alt=\"\" class=\"wp-image-2890\"\/><\/figure>\n<\/figure>\n\n\n\n<p>Jeg har g\u00e5et alene p\u00e5 stier siden Castro. Og har ikke set de andre. Pludselig kommer Jesus og Augustin g\u00e5ende fra venstre p\u00e5 en landevej der krydser stien. Jeg r\u00e5ber efter dem, men de h\u00f8rer intet. Jeg styrter af sted p\u00e5 landevejen og kalder igen. I g\u00e5r forkert. Endelig h\u00f8rer de mig.&nbsp; Men de har det ikke s\u00e5 godt i f\u00f8dder og ben, s\u00e5 de vil g\u00e5 af landevejen. Gad vide om de ved hvor vejen f\u00f8rer hen. Men jeg foretr\u00e6kker bjerget og stien frem for landevejen. Der er en stigning p\u00e5 550 m. Men det er sk\u00f8nt at komme op p\u00e5 den anden side af skyerne. Her skinner solen og himlen er fantastisk bl\u00e5.<\/p>\n\n\n\n<figure class=\"wp-block-image size-large\"><img loading=\"lazy\" decoding=\"async\" width=\"1024\" height=\"768\" src=\"https:\/\/jettescamino.dk\/wp-content\/uploads\/2022\/05\/IMG_6879-1024x768.jpg\" alt=\"\" class=\"wp-image-2891\"\/><\/figure>\n\n\n\n<figure class=\"wp-block-image size-large\"><img loading=\"lazy\" decoding=\"async\" width=\"1024\" height=\"768\" src=\"https:\/\/jettescamino.dk\/wp-content\/uploads\/2022\/05\/IMG_6881-1024x768.jpg\" alt=\"\" class=\"wp-image-2892\" srcset=\"https:\/\/jettescamino.dk\/wp-content\/uploads\/2022\/05\/IMG_6881-1024x768.jpg 1024w, https:\/\/jettescamino.dk\/wp-content\/uploads\/2022\/05\/IMG_6881-300x225.jpg 300w, https:\/\/jettescamino.dk\/wp-content\/uploads\/2022\/05\/IMG_6881-768x576.jpg 768w, https:\/\/jettescamino.dk\/wp-content\/uploads\/2022\/05\/IMG_6881-1536x1152.jpg 1536w, https:\/\/jettescamino.dk\/wp-content\/uploads\/2022\/05\/IMG_6881.jpg 1600w\" sizes=\"auto, (max-width: 1024px) 100vw, 1024px\" \/><\/figure>\n\n\n\n<p>Jeg nyder hvert sekund p\u00e5 vejen. Hvordan kan man dog frivilligt tage landevejen nede i dis og t\u00e5ge frem for det her.<\/p>\n\n\n\n<div class=\"wp-block-columns is-layout-flex wp-container-core-columns-is-layout-9d6595d7 wp-block-columns-is-layout-flex\">\n<div class=\"wp-block-column is-layout-flow wp-block-column-is-layout-flow\" style=\"flex-basis:33.33%\">\n<figure class=\"wp-block-image size-full\"><img loading=\"lazy\" decoding=\"async\" width=\"304\" height=\"248\" src=\"https:\/\/jettescamino.dk\/wp-content\/uploads\/2022\/05\/vejvisning-i-Galicien.jpg\" alt=\"\" class=\"wp-image-3051\" srcset=\"https:\/\/jettescamino.dk\/wp-content\/uploads\/2022\/05\/vejvisning-i-Galicien.jpg 304w, https:\/\/jettescamino.dk\/wp-content\/uploads\/2022\/05\/vejvisning-i-Galicien-300x245.jpg 300w\" sizes=\"auto, (max-width: 304px) 100vw, 304px\" \/><\/figure>\n<\/div>\n\n\n\n<div class=\"wp-block-column is-layout-flow wp-block-column-is-layout-flow\" style=\"flex-basis:66.66%\">\n<p><\/p>\n\n\n\n<p>   <\/p>\n\n\n\n<p>   <\/p>\n<\/div>\n<\/div>\n\n\n\n<p>Jeg krydser gr\u00e6nsen til Galicien.  Og s\u00e5 er det lige at man skal huske at muslingeskallerne \u00e6ndrer retning.<\/p>\n\n\n\n<figure class=\"wp-block-image size-large\"><img loading=\"lazy\" decoding=\"async\" width=\"1024\" height=\"768\" src=\"https:\/\/jettescamino.dk\/wp-content\/uploads\/2022\/05\/IMG_6884-1024x768.jpg\" alt=\"\" class=\"wp-image-2894\"\/><\/figure>\n\n\n\n<p>Da jeg kommer El Aceco sidder Juan og Manuel udenfor baren og venter. Der er lukket, s\u00e5 der er stadig ingen chance for morgenmad. Jeg fort\u00e6ller dem at Jesus og Manuel er g\u00e5et rundt om bjerget ad landevejen i stedet for. Juan bliver helt panisk og fors\u00f8ger at ringe dem op. Jeg t\u00e6nker at han overreagerer en smule, og forst\u00e5r det ikke. Men efter 40 min kommer de endeligt.<\/p>\n\n\n\n<figure class=\"wp-block-image size-large\"><img loading=\"lazy\" decoding=\"async\" width=\"1024\" height=\"768\" src=\"https:\/\/jettescamino.dk\/wp-content\/uploads\/2022\/05\/IMG_6889-1024x768.jpg\" alt=\"\" class=\"wp-image-2893\" srcset=\"https:\/\/jettescamino.dk\/wp-content\/uploads\/2022\/05\/IMG_6889-1024x768.jpg 1024w, https:\/\/jettescamino.dk\/wp-content\/uploads\/2022\/05\/IMG_6889-300x225.jpg 300w, https:\/\/jettescamino.dk\/wp-content\/uploads\/2022\/05\/IMG_6889-768x576.jpg 768w, https:\/\/jettescamino.dk\/wp-content\/uploads\/2022\/05\/IMG_6889-1536x1152.jpg 1536w, https:\/\/jettescamino.dk\/wp-content\/uploads\/2022\/05\/IMG_6889.jpg 1600w\" sizes=\"auto, (max-width: 1024px) 100vw, 1024px\" \/><figcaption class=\"wp-element-caption\"><em>Endnu en lukket bar<\/em><\/figcaption><\/figure>\n\n\n\n<p>Endelig da klokken er t\u00e6t p\u00e5 12.30 finder vi en bar, der har \u00e5bent. Men nu har vi ogs\u00e5 v\u00e6ret p\u00e5 vejen i 6\u00bd time. S\u00e5 det er tiltr\u00e6ngt.<\/p>\n\n\n\n<p>Mine \u2019br\u00f8dre\u2019 sp\u00f8rger om jeg vil v\u00e6re med til at bo p\u00e5 hotel i nat i A Fonsagrada. S\u00e5 vil de bestille et v\u00e6relse til mig. <br>Juan siger \u201ds\u00e5 bestiller vi 2 db.v\u00e6relser til os og et enkelt v\u00e6relse til dig.\u201d<br>Det er bare fint med mig. Men jeg kan se der lurer et lille smil i \u00f8jenkrogen hos Juan. S\u00e5 jeg kan ikke lade v\u00e6re med at spekulere p\u00e5, at der er et eller andet mystisk. De var jo ogs\u00e5 lidt underlige i g\u00e5r aftes. Og da vi sad og ventede i El Acebo, var de meget nerv\u00f8se for at Jesus og Augustin ikke kom. <br>Det virker s\u00e5 kunstigt.<\/p>\n\n\n\n<p>Kl. 15 ankommer vi til A Fonsagrada og finder hurtigt hotellet. Da vi kommer op i receptionen, er der lidt forvirring. Receptionisten kan ikke rigtig forst\u00e5 vores bestilling. Men jeg f\u00e5r en n\u00f8gle til et enkeltv\u00e6relse, s\u00e5 den er klaret. Pludselig dukker Manuel op og jeg kan se der g\u00e5r en bag ham. Det er en kvinde og Jesus bryder ud i vild jubel. Det er hans k\u00e6reste Carmen. Hun skal g\u00e5 med den sidste uge. Der er stor gensynsgl\u00e6de. Og Jesus der ellers havde v\u00e6ret helt \u00f8delagt i dag, v\u00e6kkes til live igen. S\u00e5 forst\u00e5r jeg bedre hvad det var de havde gang i.<\/p>\n\n\n\n<p>Jeg beslutter at familien Hernandez Hernandez ( ja det hedder de alts\u00e5, mine fire br\u00f8dre ) skal have lov at v\u00e6re alene resten af dagen. De skal jo heller ikke have mig p\u00e5 sl\u00e6b hele tiden.<\/p>\n\n\n\n<figure class=\"wp-block-gallery has-nested-images columns-default is-cropped wp-block-gallery-2 is-layout-flex wp-block-gallery-is-layout-flex\">\n<figure class=\"wp-block-image size-large\"><img loading=\"lazy\" decoding=\"async\" width=\"1024\" height=\"768\" data-id=\"2896\" src=\"https:\/\/jettescamino.dk\/wp-content\/uploads\/2022\/05\/IMG_6911-1024x768.jpg\" alt=\"\" class=\"wp-image-2896\"\/><\/figure>\n\n\n\n<figure class=\"wp-block-image size-large\"><img loading=\"lazy\" decoding=\"async\" width=\"1024\" height=\"768\" data-id=\"2895\" src=\"https:\/\/jettescamino.dk\/wp-content\/uploads\/2022\/05\/IMG_6912-1024x768.jpg\" alt=\"\" class=\"wp-image-2895\"\/><\/figure>\n<figcaption class=\"blocks-gallery-caption wp-element-caption\"><em>A Fonsagrada er en forholdsvis stor landsby og der er en fantastisk udsigt ud over bjergene<\/em><\/figcaption><\/figure>\n\n\n\n<p>Efter et dejligt bad g\u00e5r jeg i receptionen og f\u00e5r tilbudt t\u00f8jvask. Herligt. Selv om jeg n\u00e6sten ikke kan klare tanken om at nogen skal r\u00f8re ved mit beskidte t\u00f8j. Men jeg afleverer det og g\u00e5r ud i byen. Finder en lille hyggelig bar hvor der sidder en del lokale. De er meget interesseret i at h\u00f8re hvor jeg kommer fra og hvordan min tur er forl\u00f8bet. De kender godt til Danmark. En af dem har boet i Tyskland. P\u00e5 vej tilbage til hotellet m\u00f8der jeg familien. De er ude og k\u00f8be st\u00f8vler til Augustin. De sp\u00f8rger om jeg vil med ud at spise. Men jeg afsl\u00e5r. Jeg vil tilbage til hotellet og hvile mig. \u201dVi g\u00e5r kl. 6 i morgen. Hvis du vil med\u201d n\u00e5r de lige at sige til mig.<\/p>\n\n\n\n<p>P\u00e5 vej tilbage handler jeg ind i et stort supermarked. Da jeg kommer tilbage til v\u00e6relset, kommer en dame med en stak rent, velduftende, t\u00f8rt og sammenlagt t\u00f8j. Vild luksus for 10 euro.<\/p>\n\n\n\n<p>Jeg bliver p\u00e5 v\u00e6relset og spiser til aften og ser fjernsyn. Og g\u00e5r tidligt til ro.<\/p>\n\n\n","protected":false},"excerpt":{"rendered":"<p>N\u00e6ste morgen er vi ude af vagten kl. 6.00 og g\u00e5r i samlet flok i m\u00f8rket. Ankommer til Castro, men der er ingen morgenmad her. Den n\u00e6ste bar er i&hellip; <\/p>\n","protected":false},"author":1,"featured_media":0,"parent":83,"menu_order":29,"comment_status":"closed","ping_status":"closed","template":"","meta":{"footnotes":""},"class_list":["post-1180","page","type-page","status-publish","hentry"],"_links":{"self":[{"href":"https:\/\/jettescamino.dk\/index.php?rest_route=\/wp\/v2\/pages\/1180","targetHints":{"allow":["GET"]}}],"collection":[{"href":"https:\/\/jettescamino.dk\/index.php?rest_route=\/wp\/v2\/pages"}],"about":[{"href":"https:\/\/jettescamino.dk\/index.php?rest_route=\/wp\/v2\/types\/page"}],"author":[{"embeddable":true,"href":"https:\/\/jettescamino.dk\/index.php?rest_route=\/wp\/v2\/users\/1"}],"replies":[{"embeddable":true,"href":"https:\/\/jettescamino.dk\/index.php?rest_route=%2Fwp%2Fv2%2Fcomments&post=1180"}],"version-history":[{"count":9,"href":"https:\/\/jettescamino.dk\/index.php?rest_route=\/wp\/v2\/pages\/1180\/revisions"}],"predecessor-version":[{"id":7221,"href":"https:\/\/jettescamino.dk\/index.php?rest_route=\/wp\/v2\/pages\/1180\/revisions\/7221"}],"up":[{"embeddable":true,"href":"https:\/\/jettescamino.dk\/index.php?rest_route=\/wp\/v2\/pages\/83"}],"wp:attachment":[{"href":"https:\/\/jettescamino.dk\/index.php?rest_route=%2Fwp%2Fv2%2Fmedia&parent=1180"}],"curies":[{"name":"wp","href":"https:\/\/api.w.org\/{rel}","templated":true}]}}