{"id":3147,"date":"2022-05-22T14:23:51","date_gmt":"2022-05-22T14:23:51","guid":{"rendered":"https:\/\/jettescamino.dk\/?page_id=3147"},"modified":"2023-05-12T07:04:47","modified_gmt":"2023-05-12T07:04:47","slug":"7-april-castilblanco-almaden-de-la-plata-32-km","status":"publish","type":"page","link":"https:\/\/jettescamino.dk\/?page_id=3147","title":{"rendered":"7. april Castilblanco-Almaden de la Plata 32 km"},"content":{"rendered":"\n\n\n<p class=\"wp-block-paragraph\">N\u00e6ste morgen starter jeg med morgenkaffe p\u00e5 en bar, inden jeg forts\u00e6tter p\u00e5 ruten. Jeg m\u00e5 erkende at jeg ikke g\u00e5r s\u00e5 hurtigt som Hanj\u00fcrgen og Frank. Men jeg har heller ikke noget imod at g\u00e5 alene.<\/p>\n\n\n\n<p class=\"wp-block-paragraph\">F\u00f8rst g\u00e5r jeg langs en bef\u00e6rdet landevej i flere timer. Forbi k\u00e6mpe store g\u00e5rde hvor man dyrker oliven eller korkeg. Ret opslidende, men man er jo n\u00f8dsaget til at holde ud.<\/p>\n\n\n\n<figure class=\"wp-block-gallery has-nested-images columns-default is-cropped wp-block-gallery-1 is-layout-flex wp-block-gallery-is-layout-flex\">\n<figure class=\"wp-block-image size-large\"><img loading=\"lazy\" decoding=\"async\" width=\"1024\" height=\"768\" data-id=\"3304\" src=\"https:\/\/jettescamino.dk\/wp-content\/uploads\/2022\/05\/SDC10448-1024x768.jpg\" alt=\"\" class=\"wp-image-3304\"\/><\/figure>\n\n\n\n<figure class=\"wp-block-image size-large\"><img loading=\"lazy\" decoding=\"async\" width=\"1024\" height=\"768\" data-id=\"3303\" src=\"https:\/\/jettescamino.dk\/wp-content\/uploads\/2022\/05\/SDC10456-1024x768.jpg\" alt=\"\" class=\"wp-image-3303\"\/><\/figure>\n<\/figure>\n\n\n\n<figure class=\"wp-block-image size-large\"><img loading=\"lazy\" decoding=\"async\" width=\"1024\" height=\"768\" src=\"https:\/\/jettescamino.dk\/wp-content\/uploads\/2022\/05\/SDC10462-1024x768.jpg\" alt=\"\" class=\"wp-image-3306\"\/><figcaption class=\"wp-element-caption\">Der er<em> enorme omr\u00e5der med korkeg<\/em><\/figcaption><\/figure>\n\n\n\n<p class=\"wp-block-paragraph\">Kl 14.30 og efter ca 20 km p\u00e5 landevejen, var der endelig en vejviser der viste ind gennem et k\u00e6mpe naturreservat.<\/p>\n\n\n\n<figure class=\"wp-block-image size-large\"><img loading=\"lazy\" decoding=\"async\" width=\"1024\" height=\"768\" src=\"https:\/\/jettescamino.dk\/wp-content\/uploads\/2022\/05\/SDC10472-1024x768.jpg\" alt=\"\" class=\"wp-image-3307\"\/><figcaption class=\"wp-element-caption\"><em>Indgangen til naturreservatet<\/em><\/figcaption><\/figure>\n\n\n\n<p class=\"wp-block-paragraph\">Det var en lise for sj\u00e6len. Herinde er der ikke andet end tr\u00e6er og fuglefl\u00f8jt.<\/p>\n\n\n\n<figure class=\"wp-block-image size-large\"><img loading=\"lazy\" decoding=\"async\" width=\"1024\" height=\"768\" src=\"https:\/\/jettescamino.dk\/wp-content\/uploads\/2022\/05\/SDC10481-1024x768.jpg\" alt=\"\" class=\"wp-image-3308\"\/><figcaption class=\"wp-element-caption\"><em>Og stadigv\u00e6k korkeg<\/em><\/figcaption><\/figure>\n\n\n\n<figure class=\"wp-block-image size-large\"><img loading=\"lazy\" decoding=\"async\" width=\"1024\" height=\"768\" src=\"https:\/\/jettescamino.dk\/wp-content\/uploads\/2022\/05\/SDC10500-1024x768.jpg\" alt=\"\" class=\"wp-image-3309\"\/><figcaption class=\"wp-element-caption\"><em>Nyder en sen pause p\u00e5 kanten af stien, akkompagneret af fuglefl\u00f8jt og vandets rislen, da jeg pludselig h\u00f8rer \u00e9n komme fl\u00f8jtende\u2026<\/em><\/figcaption><\/figure>\n\n\n\n<figure class=\"wp-block-image size-large\"><img loading=\"lazy\" decoding=\"async\" width=\"1024\" height=\"768\" src=\"https:\/\/jettescamino.dk\/wp-content\/uploads\/2022\/05\/SDC10499-1024x768.jpg\" alt=\"\" class=\"wp-image-3310\"\/><figcaption class=\"wp-element-caption\"><em>Og s\u00f8rme om det ikke er Frank. Jeg troede han var langt foran mig.<\/em><\/figcaption><\/figure>\n\n\n\n<p class=\"wp-block-paragraph\">Han forts\u00e6tter, efter at vi har udvekslet de s\u00e6dvanlige h\u00f8fligheder som pilgrimme nu g\u00f8r. \u201dSk\u00f8nt vejr\u201d, \u201dhvordan g\u00e5r det?\u201d, \u201dhar du det godt?\u201d osv.<br>Vi aftaler at han bare skal g\u00e5 videre. For med hans lange ben, har jeg ikke en chance for at f\u00f8lge med.<\/p>\n\n\n\n<figure class=\"wp-block-image size-large\"><img loading=\"lazy\" decoding=\"async\" width=\"1024\" height=\"768\" src=\"https:\/\/jettescamino.dk\/wp-content\/uploads\/2022\/05\/SDC10507-1024x768.jpg\" alt=\"\" class=\"wp-image-3311\"\/><figcaption class=\"wp-element-caption\"><em>Det er altid rart at kunne s\u00f8ge ly, hvis det skulle blive snestorm. Ha ha ha\u2026.<\/em><\/figcaption><\/figure>\n\n\n\n<figure class=\"wp-block-image size-large\"><img loading=\"lazy\" decoding=\"async\" width=\"1024\" height=\"768\" src=\"https:\/\/jettescamino.dk\/wp-content\/uploads\/2022\/05\/SDC10516-1024x768.jpg\" alt=\"\" class=\"wp-image-3312\"\/><figcaption class=\"wp-element-caption\"><em>Naturen her er s\u00e5 ren og uber\u00f8rt. Smukt<\/em><\/figcaption><\/figure>\n\n\n\n<p class=\"wp-block-paragraph\">Og s\u00e5 var det s\u00e5dan ca. her at jeg traf den f\u00f8rste kvindelige medpilgrim. Ikke noget s\u00e6rligt positivt bekendskab, selv om hun var Spanier.<\/p>\n\n\n\n<p class=\"wp-block-paragraph\">&#8211; Hun havde ikke nogen rygs\u00e6k. Det viste sig at manden k\u00f8rte hendes bagage.<br>&#8211; Han k\u00f8rte hende rundt til de str\u00e6kninger, hun havde lyst til at g\u00e5.<br>&#8211; Han stod forskellige steder p\u00e5 ruten med hendes forplejning i bagagerummet.<br>&#8211; Han fandt overnatning og redte hendes seng og fik selv lov til at overnatte, selv om han ikke var pilgrim.<br>&#8211; Han lavede hendes aftensmad og vaskede hendes t\u00f8j.<\/p>\n\n\n\n<p class=\"wp-block-paragraph\">Hvor langt kunne en anden en ikke have g\u00e5et, hvis man havde s\u00e5dan en tjenene \u00e5nd med, der klarede alt det praktiske.<br>Folk m\u00e5 selvf\u00f8lgelig v\u00e6lge at g\u00e5 p\u00e5 den m\u00e5de, som det passer dem, det skal jeg ikke blande mig i. Men hende her ( og hendes mand) var bare for meget, men det skulle jeg f\u00f8rst finde ud af senere.<\/p>\n\n\n\n<p class=\"wp-block-paragraph\">Allerede nu blev jeg dog lidt irriteret p\u00e5 hende. Da jeg s\u00e5 hun smed en plastikflaske bag en sten. Jeg samlede den op og kaldte p\u00e5 hende. Hun tog den s\u00e5 bare og smed den l\u00e6ngere ind mellem tr\u00e6erne. Man smider alts\u00e5 ikke flasker i naturen. Og da slet ikke i et naturreservat.<\/p>\n\n\n\n<figure class=\"wp-block-image size-large\"><img loading=\"lazy\" decoding=\"async\" width=\"1024\" height=\"768\" src=\"https:\/\/jettescamino.dk\/wp-content\/uploads\/2022\/05\/SDC10523-1024x768.jpg\" alt=\"\" class=\"wp-image-3313\"\/><figcaption class=\"wp-element-caption\"><em> Udsigt over naturparken. M\u00f8dtes med Frank p\u00e5 toppen af et udsigtspunkt. Vi var overbevist om at vi havde set b\u00e5de giraffer og elefanter.<\/em><\/figcaption><\/figure>\n\n\n\n<figure class=\"wp-block-image size-large\"><img loading=\"lazy\" decoding=\"async\" width=\"1024\" height=\"768\" src=\"https:\/\/jettescamino.dk\/wp-content\/uploads\/2022\/05\/SDC10527-1024x768.jpg\" alt=\"\" class=\"wp-image-3314\"\/><figcaption class=\"wp-element-caption\"><em>Endelig kan jeg se mit bestemmelsessted, Almadan de la Plata, efter 11 timer.<\/em><\/figcaption><\/figure>\n\n\n\n<figure class=\"wp-block-image size-large\"><img loading=\"lazy\" decoding=\"async\" width=\"1024\" height=\"768\" src=\"https:\/\/jettescamino.dk\/wp-content\/uploads\/2022\/05\/SDC10528-1024x768.jpg\" alt=\"\" class=\"wp-image-3315\"\/><figcaption class=\"wp-element-caption\"><em>Sortfodssvin, f\u00f8r\u2026.<\/em><\/figcaption><\/figure>\n\n\n\n<figure class=\"wp-block-image size-large\"><img loading=\"lazy\" decoding=\"async\" width=\"1024\" height=\"768\" src=\"https:\/\/jettescamino.dk\/wp-content\/uploads\/2022\/05\/SDC10531-1024x768.jpg\" alt=\"\" class=\"wp-image-3316\"\/><figcaption class=\"wp-element-caption\"><em>Sortfodssvin, efter&#8230;<\/em><\/figcaption><\/figure>\n\n\n\n<figure class=\"wp-block-image size-large\"><img loading=\"lazy\" decoding=\"async\" width=\"1024\" height=\"768\" src=\"https:\/\/jettescamino.dk\/wp-content\/uploads\/2022\/05\/SDC10530-1024x768.jpg\" alt=\"\" class=\"wp-image-3317\"\/><figcaption class=\"wp-element-caption\"><em>Det er frygtelig varmt n\u00e5r man kommer ind i byen, s\u00e5dan en sen eftermiddag. Man forst\u00e5r godt at der ikke er nogen folk p\u00e5 gaden.<\/em><\/figcaption><\/figure>\n\n\n\n<p class=\"wp-block-paragraph\"><\/p>\n\n\n\n<p class=\"wp-block-paragraph\">Frank og jeg var de sidste der ankom og fik de sidste to senge i et dejligt alberge, men med en meget sur hospitaliera.<\/p>\n\n\n\n<p class=\"wp-block-paragraph\">Om aftenen gik vi ind til centrum af den lille by og spiste til aften. Som s\u00e6dvanlig Hansj\u00fcrgen, Frank og jeg. Da vi havde spist, var der fodbold i fjernsynet, s\u00e5 Hansj\u00fcrgen valgte at blive, men vi andre to gik tilbage til alberget. Og til et rent cirkus.<\/p>\n\n\n\n<p class=\"wp-block-paragraph\">Hospitalieraen var tosset fordi Hansjurgen \u00e5benbart ikke var blevet registreret. Der var stor opstandelse. Og alle troede at Hansj\u00fcrgen og jeg var sammen, selv om jeg forklarede at det var rent tilf\u00e6ldigt at jeg sov i k\u00f8jen under ham. Men jeg m\u00e5tte jo indr\u00f8mme at jeg godt viste at han sad p\u00e5 en bar og drak kaffe og s\u00e5 fodbold. Jeg ved ikke helt hvor Frank gemte sig her, men jeg fik i hvert fald besked p\u00e5 at hente synderen \u00f8jeblikkeligt. Hansj\u00fcrgen kunne jo bare have lagt de 5 euro til alberget, men det stod ikke til diskussion. Og havde jeg betalt, havde de jo bare f\u00e5et bekr\u00e6ftet deres mistanke.<\/p>\n\n\n\n<p class=\"wp-block-paragraph\">S\u00e5 der var ingen k\u00e6re mor. Jeg m\u00e5tte l\u00f8be ind i byen, som lige pludselig ikke var s\u00e5 nem at finde rundt i. Hente synderen, som var helt uforst\u00e5ende og s\u00e5 l\u00f8be tilbage. Da jeg kom tilbage, var lyset slukket og jeg m\u00e5tte pakke sammen og g\u00e5 i seng i m\u00f8rke, med alt mit t\u00f8j p\u00e5. Det meste af natten l\u00e5 jeg og k\u00e6mpede med lynl\u00e5sen til min sovepose og det var lige lykkedes at falde i s\u00f8vn,  da de f\u00f8rste stod op lidt i kl.6.<\/p>\n\n\n","protected":false},"excerpt":{"rendered":"<p>N\u00e6ste morgen starter jeg med morgenkaffe p\u00e5 en bar, inden jeg forts\u00e6tter p\u00e5 ruten. Jeg m\u00e5 erkende at jeg ikke g\u00e5r s\u00e5 hurtigt som Hanj\u00fcrgen og Frank. Men jeg har&hellip; <\/p>\n","protected":false},"author":1,"featured_media":0,"parent":97,"menu_order":4,"comment_status":"closed","ping_status":"closed","template":"","meta":{"footnotes":""},"class_list":["post-3147","page","type-page","status-publish","hentry"],"_links":{"self":[{"href":"https:\/\/jettescamino.dk\/index.php?rest_route=\/wp\/v2\/pages\/3147","targetHints":{"allow":["GET"]}}],"collection":[{"href":"https:\/\/jettescamino.dk\/index.php?rest_route=\/wp\/v2\/pages"}],"about":[{"href":"https:\/\/jettescamino.dk\/index.php?rest_route=\/wp\/v2\/types\/page"}],"author":[{"embeddable":true,"href":"https:\/\/jettescamino.dk\/index.php?rest_route=\/wp\/v2\/users\/1"}],"replies":[{"embeddable":true,"href":"https:\/\/jettescamino.dk\/index.php?rest_route=%2Fwp%2Fv2%2Fcomments&post=3147"}],"version-history":[{"count":8,"href":"https:\/\/jettescamino.dk\/index.php?rest_route=\/wp\/v2\/pages\/3147\/revisions"}],"predecessor-version":[{"id":5677,"href":"https:\/\/jettescamino.dk\/index.php?rest_route=\/wp\/v2\/pages\/3147\/revisions\/5677"}],"up":[{"embeddable":true,"href":"https:\/\/jettescamino.dk\/index.php?rest_route=\/wp\/v2\/pages\/97"}],"wp:attachment":[{"href":"https:\/\/jettescamino.dk\/index.php?rest_route=%2Fwp%2Fv2%2Fmedia&parent=3147"}],"curies":[{"name":"wp","href":"https:\/\/api.w.org\/{rel}","templated":true}]}}

<p class="wp-block-paragraph">Næste morgen starter jeg med morgenkaffe på en bar, inden jeg fortsætter på ruten. Jeg må erkende at jeg ikke går så hurtigt som Hanjürgen og Frank. Men jeg har heller ikke noget imod at gå alene.</p>



<p class="wp-block-paragraph">Først går jeg langs en befærdet landevej i flere timer. Forbi kæmpe store gårde hvor man dyrker oliven eller korkeg. Ret opslidende, men man er jo nødsaget til at holde ud.</p>



<figure class="wp-block-gallery has-nested-images columns-default is-cropped wp-block-gallery-1 is-layout-flex wp-block-gallery-is-layout-flex">
<figure class="wp-block-image size-large"><img loading="lazy" decoding="async" width="1024" height="768" data-id="3304" src="https://jettescamino.dk/wp-content/uploads/2022/05/SDC10448-1024x768.jpg" alt="" class="wp-image-3304"/></figure>



<figure class="wp-block-image size-large"><img loading="lazy" decoding="async" width="1024" height="768" data-id="3303" src="https://jettescamino.dk/wp-content/uploads/2022/05/SDC10456-1024x768.jpg" alt="" class="wp-image-3303"/></figure>
</figure>



<figure class="wp-block-image size-large"><img loading="lazy" decoding="async" width="1024" height="768" src="https://jettescamino.dk/wp-content/uploads/2022/05/SDC10462-1024x768.jpg" alt="" class="wp-image-3306"/><figcaption class="wp-element-caption">Der er<em> enorme områder med korkeg</em></figcaption></figure>



<p class="wp-block-paragraph">Kl 14.30 og efter ca 20 km på landevejen, var der endelig en vejviser der viste ind gennem et kæmpe naturreservat.</p>



<figure class="wp-block-image size-large"><img loading="lazy" decoding="async" width="1024" height="768" src="https://jettescamino.dk/wp-content/uploads/2022/05/SDC10472-1024x768.jpg" alt="" class="wp-image-3307"/><figcaption class="wp-element-caption"><em>Indgangen til naturreservatet</em></figcaption></figure>



<p class="wp-block-paragraph">Det var en lise for sjælen. Herinde er der ikke andet end træer og fuglefløjt.</p>



<figure class="wp-block-image size-large"><img loading="lazy" decoding="async" width="1024" height="768" src="https://jettescamino.dk/wp-content/uploads/2022/05/SDC10481-1024x768.jpg" alt="" class="wp-image-3308"/><figcaption class="wp-element-caption"><em>Og stadigvæk korkeg</em></figcaption></figure>



<figure class="wp-block-image size-large"><img loading="lazy" decoding="async" width="1024" height="768" src="https://jettescamino.dk/wp-content/uploads/2022/05/SDC10500-1024x768.jpg" alt="" class="wp-image-3309"/><figcaption class="wp-element-caption"><em>Nyder en sen pause på kanten af stien, akkompagneret af fuglefløjt og vandets rislen, da jeg pludselig hører én komme fløjtende…</em></figcaption></figure>



<figure class="wp-block-image size-large"><img loading="lazy" decoding="async" width="1024" height="768" src="https://jettescamino.dk/wp-content/uploads/2022/05/SDC10499-1024x768.jpg" alt="" class="wp-image-3310"/><figcaption class="wp-element-caption"><em>Og sørme om det ikke er Frank. Jeg troede han var langt foran mig.</em></figcaption></figure>



<p class="wp-block-paragraph">Han fortsætter, efter at vi har udvekslet de sædvanlige høfligheder som pilgrimme nu gør. ”Skønt vejr”, ”hvordan går det?”, ”har du det godt?” osv.<br>Vi aftaler at han bare skal gå videre. For med hans lange ben, har jeg ikke en chance for at følge med.</p>



<figure class="wp-block-image size-large"><img loading="lazy" decoding="async" width="1024" height="768" src="https://jettescamino.dk/wp-content/uploads/2022/05/SDC10507-1024x768.jpg" alt="" class="wp-image-3311"/><figcaption class="wp-element-caption"><em>Det er altid rart at kunne søge ly, hvis det skulle blive snestorm. Ha ha ha….</em></figcaption></figure>



<figure class="wp-block-image size-large"><img loading="lazy" decoding="async" width="1024" height="768" src="https://jettescamino.dk/wp-content/uploads/2022/05/SDC10516-1024x768.jpg" alt="" class="wp-image-3312"/><figcaption class="wp-element-caption"><em>Naturen her er så ren og uberørt. Smukt</em></figcaption></figure>



<p class="wp-block-paragraph">Og så var det sådan ca. her at jeg traf den første kvindelige medpilgrim. Ikke noget særligt positivt bekendskab, selv om hun var Spanier.</p>



<p class="wp-block-paragraph">&#8211; Hun havde ikke nogen rygsæk. Det viste sig at manden kørte hendes bagage.<br>&#8211; Han kørte hende rundt til de strækninger, hun havde lyst til at gå.<br>&#8211; Han stod forskellige steder på ruten med hendes forplejning i bagagerummet.<br>&#8211; Han fandt overnatning og redte hendes seng og fik selv lov til at overnatte, selv om han ikke var pilgrim.<br>&#8211; Han lavede hendes aftensmad og vaskede hendes tøj.</p>



<p class="wp-block-paragraph">Hvor langt kunne en anden en ikke have gået, hvis man havde sådan en tjenene ånd med, der klarede alt det praktiske.<br>Folk må selvfølgelig vælge at gå på den måde, som det passer dem, det skal jeg ikke blande mig i. Men hende her ( og hendes mand) var bare for meget, men det skulle jeg først finde ud af senere.</p>



<p class="wp-block-paragraph">Allerede nu blev jeg dog lidt irriteret på hende. Da jeg så hun smed en plastikflaske bag en sten. Jeg samlede den op og kaldte på hende. Hun tog den så bare og smed den længere ind mellem træerne. Man smider altså ikke flasker i naturen. Og da slet ikke i et naturreservat.</p>



<figure class="wp-block-image size-large"><img loading="lazy" decoding="async" width="1024" height="768" src="https://jettescamino.dk/wp-content/uploads/2022/05/SDC10523-1024x768.jpg" alt="" class="wp-image-3313"/><figcaption class="wp-element-caption"><em> Udsigt over naturparken. Mødtes med Frank på toppen af et udsigtspunkt. Vi var overbevist om at vi havde set både giraffer og elefanter.</em></figcaption></figure>



<figure class="wp-block-image size-large"><img loading="lazy" decoding="async" width="1024" height="768" src="https://jettescamino.dk/wp-content/uploads/2022/05/SDC10527-1024x768.jpg" alt="" class="wp-image-3314"/><figcaption class="wp-element-caption"><em>Endelig kan jeg se mit bestemmelsessted, Almadan de la Plata, efter 11 timer.</em></figcaption></figure>



<figure class="wp-block-image size-large"><img loading="lazy" decoding="async" width="1024" height="768" src="https://jettescamino.dk/wp-content/uploads/2022/05/SDC10528-1024x768.jpg" alt="" class="wp-image-3315"/><figcaption class="wp-element-caption"><em>Sortfodssvin, før….</em></figcaption></figure>



<figure class="wp-block-image size-large"><img loading="lazy" decoding="async" width="1024" height="768" src="https://jettescamino.dk/wp-content/uploads/2022/05/SDC10531-1024x768.jpg" alt="" class="wp-image-3316"/><figcaption class="wp-element-caption"><em>Sortfodssvin, efter&#8230;</em></figcaption></figure>



<figure class="wp-block-image size-large"><img loading="lazy" decoding="async" width="1024" height="768" src="https://jettescamino.dk/wp-content/uploads/2022/05/SDC10530-1024x768.jpg" alt="" class="wp-image-3317"/><figcaption class="wp-element-caption"><em>Det er frygtelig varmt når man kommer ind i byen, sådan en sen eftermiddag. Man forstår godt at der ikke er nogen folk på gaden.</em></figcaption></figure>



<p class="wp-block-paragraph"></p>



<p class="wp-block-paragraph">Frank og jeg var de sidste der ankom og fik de sidste to senge i et dejligt alberge, men med en meget sur hospitaliera.</p>



<p class="wp-block-paragraph">Om aftenen gik vi ind til centrum af den lille by og spiste til aften. Som sædvanlig Hansjürgen, Frank og jeg. Da vi havde spist, var der fodbold i fjernsynet, så Hansjürgen valgte at blive, men vi andre to gik tilbage til alberget. Og til et rent cirkus.</p>



<p class="wp-block-paragraph">Hospitalieraen var tosset fordi Hansjurgen åbenbart ikke var blevet registreret. Der var stor opstandelse. Og alle troede at Hansjürgen og jeg var sammen, selv om jeg forklarede at det var rent tilfældigt at jeg sov i køjen under ham. Men jeg måtte jo indrømme at jeg godt viste at han sad på en bar og drak kaffe og så fodbold. Jeg ved ikke helt hvor Frank gemte sig her, men jeg fik i hvert fald besked på at hente synderen øjeblikkeligt. Hansjürgen kunne jo bare have lagt de 5 euro til alberget, men det stod ikke til diskussion. Og havde jeg betalt, havde de jo bare fået bekræftet deres mistanke.</p>



<p class="wp-block-paragraph">Så der var ingen kære mor. Jeg måtte løbe ind i byen, som lige pludselig ikke var så nem at finde rundt i. Hente synderen, som var helt uforstående og så løbe tilbage. Da jeg kom tilbage, var lyset slukket og jeg måtte pakke sammen og gå i seng i mørke, med alt mit tøj på. Det meste af natten lå jeg og kæmpede med lynlåsen til min sovepose og det var lige lykkedes at falde i søvn,  da de første stod op lidt i kl.6.</p>

<p>Næste morgen starter jeg med morgenkaffe på en bar, inden jeg fortsætter på ruten. Jeg må erkende at jeg ikke går så hurtigt som Hanjürgen og Frank. Men jeg har&hellip; </p>
