{"id":992,"date":"2022-04-24T12:43:45","date_gmt":"2022-04-24T12:43:45","guid":{"rendered":"https:\/\/jettescamino.dk\/?page_id=992"},"modified":"2024-03-22T20:56:46","modified_gmt":"2024-03-22T20:56:46","slug":"06-07-2006-st-irene-santiago","status":"publish","type":"page","link":"https:\/\/jettescamino.dk\/?page_id=992","title":{"rendered":"06\/07\/2006 St. Irene \u2013 Santiago 20,5 km"},"content":{"rendered":"\n<h2 class=\"wp-block-heading\"><\/h2>\n\n\n\n<p>St\u00e5r op til de sidste 20 km inden Santiago. Man forst\u00e5r slet ikke at det nu er ved at v\u00e6re slut.<\/p>\n\n\n\n<p>Jeg er slet ikke klar til Santiago endnu. Har ikke l\u00e6rt nok endnu. Jeg er jo den samme som jeg hele tiden har v\u00e6ret. (<strong>P\u00e5 det tidspunkt viste jeg ikke hvor meget jeg i virkeligheden havde forandret mig, men det fandt jeg f\u00f8rst rigtigt ud af da jeg kom hjem<\/strong>).<\/p>\n\n\n\n<p>Jeg havde nok ligesom ventet, at der skulle ske et eller andet. At jeg ville f\u00e5 en \u00e5benbaring. Et syn. Et eller andet. Har det v\u00e6ret forg\u00e6ves? Har det bare v\u00e6ret forn\u00f8jelse?<\/p>\n\n\n\n<figure class=\"wp-block-image size-large is-resized\"><img loading=\"lazy\" decoding=\"async\" width=\"1024\" height=\"768\" src=\"https:\/\/jettescamino.dk\/wp-content\/uploads\/2022\/05\/IMG_1715-Kopi-1024x768.jpg\" alt=\"\" class=\"wp-image-2311\"\/><figcaption class=\"wp-element-caption\"><em>Den m\u00f8rke eukalyptusskov om morgenen<\/em><\/figcaption><\/figure>\n\n\n\n<p>Jeg f\u00f8ler mig tr\u00e6t, kold og uoplagt (eller m\u00e5ske mest skuffet) og vi g\u00f8r ophold i en bar, hvor vi f\u00e5r overtalt v\u00e6rten til at lave noget varm suppe til os. Selvom det er tidligt p\u00e5 formiddagen.<\/p>\n\n\n\n<figure class=\"wp-block-image size-large\"><img loading=\"lazy\" decoding=\"async\" width=\"768\" height=\"1024\" src=\"https:\/\/jettescamino.dk\/wp-content\/uploads\/2022\/05\/IMG_1729-Kopi-768x1024.jpg\" alt=\"\" class=\"wp-image-2313\"\/><figcaption class=\"wp-element-caption\"><em> Karen og Saskia i Labacollo. De er til geng\u00e6ld i rigtig godt hum\u00f8r<\/em><\/figcaption><\/figure>\n\n\n\n<p>I Labacollo g\u00f8r vi ophold igen og Karen og Saskia kommer. Vi holder en lang pause og fors\u00f8ger ligesom at tr\u00e6kke tiden ud. Der er vist ingen der har lyst til, at det skal v\u00e6re slut nu.<\/p>\n\n\n\n<p>Karen og Sakia vil overnatte i Monte do Gozo , men Agnes og jeg vil g\u00e5 direkte til Santiago. Vi lover, at vi i morgen tidlig vil st\u00e5 p\u00e5 pladsen foran katedralen og forevige deres indtog.<\/p>\n\n\n\n<p>Karen og Saskia arbejder begge p\u00e5 et forlag i Holland og vil skrive en bog om caminoen, n\u00e5r de komme hjem. S\u00e5 de vil gerne have at jeg tager nogle billeder.<\/p>\n\n\n\n<figure class=\"wp-block-image size-large\"><img loading=\"lazy\" decoding=\"async\" width=\"768\" height=\"1024\" src=\"https:\/\/jettescamino.dk\/wp-content\/uploads\/2022\/05\/IMG_1724-Kopi-768x1024.jpg\" alt=\"\" class=\"wp-image-2312\"\/><figcaption class=\"wp-element-caption\"><em>S\u00e5 er man i Santiago<\/em><\/figcaption><\/figure>\n\n\n\n<p>Jeg bliver helt overrasket, da vi n\u00e5r bygr\u00e6nsen til Santiago. Allerede. Men det viser sig at der er meget lang vej ind til centrum.<\/p>\n\n\n\n<p>Og vi bliver lidt febrilske og ut\u00e5lmodige. S\u00e5 vi holder ikke rigtig \u00f8je med afm\u00e6rkningen. Men langt om l\u00e6nge n\u00e6rmer vi os den gamle del af byen, som er vores m\u00e5l.<\/p>\n\n\n\n<p>Jeg ved ikke om jeg er tr\u00e6t, eller bare skuffet. Har nok ligesom forventet at der skal ske et eller andet specielt med mig, n\u00e5r jeg n\u00e6rmer sig. Og da vi tr\u00e6der ind p\u00e5 den store plads foran katedralen, er der bare fyldt med mennesker. Mest turister. De skal bare forsvinde. Det her er mit \u00f8jeblik.<\/p>\n\n\n\n<figure class=\"wp-block-gallery has-nested-images columns-default is-cropped wp-block-gallery-1 is-layout-flex wp-block-gallery-is-layout-flex\">\n<figure class=\"wp-block-image size-large\"><img loading=\"lazy\" decoding=\"async\" width=\"1024\" height=\"768\" data-id=\"2315\" src=\"https:\/\/jettescamino.dk\/wp-content\/uploads\/2022\/05\/IMG_1754-e1652164978415.jpg\" alt=\"\" class=\"wp-image-2315\"\/><\/figure>\n\n\n\n<figure class=\"wp-block-image size-large\"><img loading=\"lazy\" decoding=\"async\" width=\"1024\" height=\"768\" data-id=\"2316\" src=\"https:\/\/jettescamino.dk\/wp-content\/uploads\/2022\/05\/IMG_1755-e1652164997365.jpg\" alt=\"\" class=\"wp-image-2316\"\/><\/figure>\n<figcaption class=\"blocks-gallery-caption wp-element-caption\"><em>Indgangen til pladsen hvor der var levende musik og jeg var ved at falde ned af trappen i bar iver.<\/em><\/figcaption><\/figure>\n\n\n\n<p>Vi forts\u00e6tter gennem menneskemylderet for at komme til pilgrimskontoret. Jeg har h\u00f8rt at pilgrimmene tit m\u00e5 st\u00e5 i k\u00f8 i lang tid for at f\u00e5 deres compostella (pilgrimsbevis). Man da vi ankommer, er der ingen og vi kan g\u00e5 lige ind.<\/p>\n\n\n\n<p>Mit pilgrimspas bliver gransket n\u00f8je og jeg bliver udspurgt om min baggrund for at have foretaget denne tur. Derefter bliver der sl\u00e5et op i mange store tykke b\u00f8ger, for at finde mit latinske navn. Det lykkes desv\u00e6rre ikke og jeg m\u00e5 fortsat n\u00f8jes med at hedde Jette.<\/p>\n\n\n\n<p>Ude i byens mylder foreg\u00e5r der derefter en sand kamp. Vi skal finde et logi. Men vi vil bo ordentlig. Og vi bliver n\u00e6rmest bombarderet med tilbud. Alle sammen meget dyre. Specielt en meget ubehagelig og slikket fyr h\u00e6gter sig p\u00e5 mig. Han har det sk\u00f8nneste v\u00e6relse til os. Men jeg har bestemt ikke lyst til at tage imod hans tilbud. Det er noget af en kamp at slippe v\u00e6k fra ham. Vi beslutter, at vi i hvert fald ikke vil bo i hans gade og vi flygter v\u00e6k.&nbsp; Lige s\u00e5 langt vi kan komme.<\/p>\n\n\n\n<p>Ved et eller andet underligt sammentr\u00e6f st\u00e5r vi pludselig foran et meget p\u00e6nt hostal, med en p\u00e6n restaurant i stueetagen. Vi g\u00e5r ind og sp\u00f8rger om der er nogen ledige v\u00e6relser. Personalet virker s\u00e5 sympatisk, at jeg er meget opsat p\u00e5 at sl\u00e5 mig ned her. Lige meget hvad det s\u00e5 koster. 25e for 2 i et dobbeltv\u00e6relse. Vi sl\u00e5r til med det sammen. Og v\u00e6relset er bestemt udm\u00e6rket og badet p\u00e5 gangen er rent og p\u00e6nt.<\/p>\n\n\n\n<figure class=\"wp-block-image size-large\"><img loading=\"lazy\" decoding=\"async\" width=\"768\" height=\"1024\" src=\"https:\/\/jettescamino.dk\/wp-content\/uploads\/2022\/05\/IMG_2071-768x1024.jpg\" alt=\"\" class=\"wp-image-2347\"\/><figcaption class=\"wp-element-caption\"><em>Bar la Tita. Vi har vist v\u00e6ret meget heldige. De lavede ogs\u00e5 sindssyg god mad<\/em><\/figcaption><\/figure>\n\n\n\n<p>G\u00e5r p\u00e5 posthuset, der ligger lige i n\u00e6rheden. Agnes har hjemmefra fremsendt en pakke til Santiago med skiftet\u00f8j, kosmetik og andre forn\u00f8denheder. Hvorfor har jeg ikke t\u00e6nkt p\u00e5 det.<\/p>\n\n\n\n<p>Efter bad og omkl\u00e6dning (jeg m\u00e5 ikl\u00e6de mig mit beskidte t\u00f8j igen) g\u00e5r det mod katedralen.<\/p>\n\n\n\n<figure class=\"wp-block-image size-large\"><img loading=\"lazy\" decoding=\"async\" width=\"768\" height=\"1024\" src=\"https:\/\/jettescamino.dk\/wp-content\/uploads\/2022\/05\/IMG_1786-768x1024.jpg\" alt=\"\" class=\"wp-image-2348\"\/><figcaption class=\"wp-element-caption\"><em>Katedralen i Santiago De Compostella<\/em><\/figcaption><\/figure>\n\n\n\n<p>Inde i katedralen g\u00e5r vi op af en trappe, hvor vi kommer bag ved alteret. Her er det meningen at man under overv\u00e5gning af vagter skal kysse figuren af Jakob i nakken.<\/p>\n\n\n\n<p>Vagterne skyldes at figuren er guldbelagt og fyldt med \u00e6delstene. Jeg n\u00f8jes nu med at give ham et venligt klap p\u00e5 skulderen. <\/p>\n\n\n\n<figure class=\"wp-block-gallery has-nested-images columns-default is-cropped wp-block-gallery-2 is-layout-flex wp-block-gallery-is-layout-flex\">\n<figure class=\"wp-block-image size-large\"><img loading=\"lazy\" decoding=\"async\" width=\"300\" height=\"400\" data-id=\"2349\" src=\"https:\/\/jettescamino.dk\/wp-content\/uploads\/2022\/05\/Camino_05202961.jpg\" alt=\"\" class=\"wp-image-2349\" srcset=\"https:\/\/jettescamino.dk\/wp-content\/uploads\/2022\/05\/Camino_05202961.jpg 300w, https:\/\/jettescamino.dk\/wp-content\/uploads\/2022\/05\/Camino_05202961-225x300.jpg 225w\" sizes=\"auto, (max-width: 300px) 100vw, 300px\" \/><\/figure>\n\n\n\n<figure class=\"wp-block-image size-large\"><img loading=\"lazy\" decoding=\"async\" width=\"1024\" height=\"768\" data-id=\"2350\" src=\"https:\/\/jettescamino.dk\/wp-content\/uploads\/2022\/05\/IMG_7425-1024x768.jpg\" alt=\"\" class=\"wp-image-2350\"\/><\/figure>\n<figcaption class=\"blocks-gallery-caption wp-element-caption\">Sankt Jacob og <em>krypten med s\u00f8lvskrinet der siges at indeholder hans jordiske rester<\/em><\/figcaption><\/figure>\n\n\n\n<p>Efter at have studeret kirken passer det med at der er messe. Et \u00f8jeblik jeg har ventet sp\u00e6ndt p\u00e5. Bliver jeg n\u00e6vnt? Vil de svinge botafumeiroen ( et gigantisk r\u00f8gelseskar ) gennem luften.<\/p>\n\n\n\n<p>Jeg har h\u00f8rt om det hjemmefra. Men snakken har g\u00e5et p\u00e5 caminoen, at det ikke sker s\u00e5 ofte mere. Hvis man vil opleve det, skal man betale en mindre formue. Og det er der ikke ret mange pilgrimme, der har \u00f8konomi til.<\/p>\n\n\n\n<p>Stor skuffelse. Det er bare en almindelig messe og intet sker. Jeg m\u00e5 indr\u00f8mme, at det er ikke helt hvad jeg havde ventet. Men det er nok som kloge hoveder har sagt: Vejen hertil, der er det vigtigste.<\/p>\n\n\n\n<figure class=\"wp-block-image size-large\"><img loading=\"lazy\" decoding=\"async\" width=\"768\" height=\"1024\" src=\"https:\/\/jettescamino.dk\/wp-content\/uploads\/2022\/05\/IMG_1779-768x1024.jpg\" alt=\"\" class=\"wp-image-2317\"\/><figcaption class=\"wp-element-caption\"><em>Den hellige d\u00f8r, som kun \u00e5bnes de \u00e5r Jacobs d\u00f8dsdag falder p\u00e5 en s\u00f8ndag<\/em><\/figcaption><\/figure>\n\n\n\n<p>Agnes og jeg g\u00e5r ud og ser p\u00e5 byen. Masser af restauranter, souvenirforretninger og fortovscafeer.<\/p>\n\n\n\n<p>Vi m\u00f8der Birgit og spiser sammen. G\u00e5r tidligt til ro efter at have bes\u00f8gt katedralen en gang til om aftenen.<\/p>\n\n\n\n<p>Jeg ved ikke hvad det er jeg s\u00f8ger, men der mangler et eller andet.<\/p>\n\n\n\n<p><a href=\"https:\/\/jettescamino.dk\/?page_id=638\">N\u00e6ste<\/a><\/p>\n","protected":false},"excerpt":{"rendered":"<p>St\u00e5r op til de sidste 20 km inden Santiago. Man forst\u00e5r slet ikke at det nu er ved at v\u00e6re slut. Jeg er slet ikke klar til Santiago endnu. Har&hellip; <\/p>\n","protected":false},"author":1,"featured_media":0,"parent":85,"menu_order":34,"comment_status":"closed","ping_status":"closed","template":"","meta":{"footnotes":""},"class_list":["post-992","page","type-page","status-publish","hentry"],"_links":{"self":[{"href":"https:\/\/jettescamino.dk\/index.php?rest_route=\/wp\/v2\/pages\/992","targetHints":{"allow":["GET"]}}],"collection":[{"href":"https:\/\/jettescamino.dk\/index.php?rest_route=\/wp\/v2\/pages"}],"about":[{"href":"https:\/\/jettescamino.dk\/index.php?rest_route=\/wp\/v2\/types\/page"}],"author":[{"embeddable":true,"href":"https:\/\/jettescamino.dk\/index.php?rest_route=\/wp\/v2\/users\/1"}],"replies":[{"embeddable":true,"href":"https:\/\/jettescamino.dk\/index.php?rest_route=%2Fwp%2Fv2%2Fcomments&post=992"}],"version-history":[{"count":14,"href":"https:\/\/jettescamino.dk\/index.php?rest_route=\/wp\/v2\/pages\/992\/revisions"}],"predecessor-version":[{"id":7329,"href":"https:\/\/jettescamino.dk\/index.php?rest_route=\/wp\/v2\/pages\/992\/revisions\/7329"}],"up":[{"embeddable":true,"href":"https:\/\/jettescamino.dk\/index.php?rest_route=\/wp\/v2\/pages\/85"}],"wp:attachment":[{"href":"https:\/\/jettescamino.dk\/index.php?rest_route=%2Fwp%2Fv2%2Fmedia&parent=992"}],"curies":[{"name":"wp","href":"https:\/\/api.w.org\/{rel}","templated":true}]}}